 m?
1
Let f(x) = x**3 - 2*x**2 - x + 35. What is the units digit of f(0)?
5
Let h = -66 - -111. What is the tens digit of h?
4
Suppose -10 = -p - 30. Let c = -18 - p. What is the units digit of c?
2
Let n(u) = u**3 - 7*u**2 + 7*u - 9. Let z be n(6). Let l = z - -10. What is the units digit of l?
7
Suppose 3*u - 10 = 4*u. Let d be 4/u + (-56)/10. Let z = d + 12. What is the units digit of z?
6
Let x(t) = t + 3. Let r be x(-1). Suppose -r*j + 4*j - 46 = 0. What is the units digit of j?
3
Let x = -321 + 602. What is the hundreds digit of x?
2
Let n be 4/4*(-40)/2. Let a = n + 48. What is the units digit of a/2*(-2)/(-4)?
7
Let o(a) = a**2 - 7*a + 2. Let p be o(6). Let d(l) = -l**3 + 7*l**2 - 7*l + 1. Let w be d(6). Let k = p - w. What is the units digit of k?
1
Let q = 19 + -13. Let f = -8 - -5. Let t = f + q. What is the units digit of t?
3
Suppose -27*f = -30*f + 213. What is the units digit of f?
1
Suppose -3*i - 3*i = -504. What is the tens digit of i?
8
Let i = -11 + 14. Suppose -5*n + 8 = i. What is the units digit of n?
1
Let v = 1 - -1. Suppose -4 = v*w - 8. Suppose -w*u - 3*u + 95 = 0. What is the units digit of u?
9
Suppose -342 = -3*d + 6*d. What is the units digit of (2/(-1))/(12/d)?
9
Let s = 158 - 100. What is the tens digit of s?
5
Let t be 0 + -2 - (-3 + 1). Suppose -2*s + 5*v - 6 = t, 0*s + 5*s - 2*v - 6 = 0. Suppose 7 = s*z - 19. What is the tens digit of z?
1
What is the units digit of (-9 - 3)/((-12)/368*2)?
4
Let x(y) = -2*y**2 + 7*y - 75. Let c(h) = -h**2 + 4*h - 37. Let i(t) = 5*c(t) - 3*x(t). Let n be i(0). What is the units digit of ((-18)/(-15))/(6/n)?
8
Let m(z) = -z**2 + 8*z - 6. Let l be m(7). Suppose 2*g - 41 = l. What is the units digit of g?
1
Suppose 72 = b - 2*j, -3*b + j + 45 = -161. Suppose -b = -5*y - 3*c, 10*y - 2*c - 88 = 5*y. Let a = y - 11. What is the units digit of a?
5
Let l(r) = -3*r + 6. Let g be l(4). Let f = g - -11. Suppose j - 4 - f = 0. What is the units digit of j?
9
Let x(t) = 3*t + 2. Let z be x(-2). Let p be (-67)/z - 4/(-16). Let h = 31 - p. What is the tens digit of h?
1
Suppose 5*j + 5 = -5. Let c be j*(1/2 + -2). Suppose 0 = 2*x + 3*q - 12, c*x = 4*x + q - 6. What is the units digit of x?
6
Let l(b) = -2*b**3 - 3*b**2 + 6*b + 3. What is the tens digit of l(-4)?
5
Let v = 16 - 13. What is the tens digit of (-3)/(-3)*30/v?
1
Suppose -10 = -2*u - 2. Suppose f = -2*l - 2*l + 5, 2*l - f - 7 = 0. Suppose 4*a = l*k - u, -k - 3*k + 41 = 3*a. What is the units digit of k?
8
Suppose -5*l + 4*t - 10 = 0, -2*t = -2*l - 2 - 4. Suppose -5*a - 3 = -l*a, -34 = -v - 2*a. What is the tens digit of v?
3
Let o be -1 + (-22)/(3 + -1). Let s = 30 + o. What is the tens digit of s?
1
Let z(y) = -y**2 + 11*y + 4. What is the units digit of z(10)?
4
Let c = 3 - -3. Let g be 12*(27/c + 1). What is the tens digit of g/9*(-9)/(-6)?
1
Suppose -13*m = -14*m + 30. Suppose -m = -5*f + 20. What is the units digit of f?
0
Let b(s) be the first derivative of -2 + 6*s + 1/2*s**2. What is the units digit of b(-4)?
2
Let i = 266 + -127. What is the hundreds digit of i?
1
Let j(c) = -1 + c**3 - 3 - c**2 - 2*c - c. Let i be j(3). Suppose i*p = 18 + 22. What is the units digit of p?
8
Let a(h) = h**3 - 5*h**2 + 5. Let x be a(5). Suppose x*g - 17 = 58. What is the tens digit of g?
1
Let w(a) = -a**3 - 7*a**2 - 8*a - 9. Let u be w(-6). Suppose -u*v = -0*v - 15. What is the units digit of v?
5
Let m(a) = a**2 - 2*a - 5. Let u be m(4). Suppose 0 = -v + 11 - u. What is the units digit of v?
8
Suppose -h - 2 = 4. Let l(d) be the first derivative of -d**4/4 - 7*d**3/3 - 4*d**2 + 4*d - 3. What is the units digit of l(h)?
6
Let z = 29 - 21. What is the units digit of z?
8
What is the units digit of (-784)/(-24)*(2 + 1)*1?
8
Let z = 4 - -3. What is the units digit of z?
7
Let x = 29 + 42. What is the tens digit of x?
7
Suppose i - 5*k = 20, 0 = -3*i - 3*k + 8 + 34. Suppose 3*g = 57 - i. What is the units digit of g?
4
Let t = 20 + -11. What is the units digit of t?
9
Let j be 1/3*-3*0. What is the tens digit of 20 - (-1 + 4 - j)?
1
Let z = 9 + -7. Suppose -2*i = -4*b - 24, 2*i - 2*b - 16 = -2. What is the tens digit of 22/i*(-1 + z)?
1
Let j(k) = -k**3 + 4*k**2 - 3*k. Let s be j(2). Suppose s*z - 7 = 5. Let q = -1 + z. What is the units digit of q?
5
What is the tens digit of (14*-2)/(-1) + -3?
2
Let k(x) = x**2 - 13*x + 7. What is the tens digit of k(14)?
2
Suppose 2*k + 8 = 3*k. Let t be 2/k - 20/16. Let s(a) = -2*a. What is the units digit of s(t)?
2
Let n(u) = 3*u**2 - 8*u - 6. Let f be n(6). Suppose -2*d = -6 - f. What is the tens digit of d?
3
What is the units digit of 2 - -4*(2 + -1)?
6
Let k = 143 - 114. What is the tens digit of k?
2
Let w be 4/(-10)*(-20)/2. Suppose x + 2*x - 29 = w*j, 4*x - 7 = -j. What is the units digit of x?
3
Let k = -6 - -11. Let r(a) = a + 5. What is the tens digit of r(k)?
1
Suppose 92*l = 93*l - 262. What is the tens digit of l?
6
Let m = 130 - 32. What is the tens digit of m?
9
Suppose 0 = -4*v + 4*q - 28, 7*v - 2*v + 25 = 3*q. What is the units digit of v/6 + 125/15?
8
Let l = -28 - -48. What is the units digit of l?
0
What is the hundreds digit of ((-145)/(-10))/(1/10)?
1
Let s = 10 - 16. Let f be 30/7 - s/(-21). Suppose 10 = 3*x + 2*c - 3*c, 3*x - 4*c = f. What is the units digit of x?
4
Suppose 0*k = 2*m - k - 174, 0 = 4*m + k - 354. Let x = -56 + m. What is the tens digit of x?
3
Suppose -5*o = 3*n + 39, -2*o + 2*n + 14 = -4*o. Let b = -5 - o. What is the units digit of b?
4
Suppose 0 = -2*p + 142 + 62. What is the units digit of p?
2
Let y(s) = 11*s + 3. Let u(b) = 21*b + 6. Let j(v) = -6*u(v) + 11*y(v). Let c = 2 - 4. What is the units digit of j(c)?
7
Suppose 0 = y - 3*l - 81, 3*y + 4*l = 91 + 100. What is the tens digit of y?
6
Let m(t) = 2*t**2 + 7*t - 14. What is the hundreds digit of m(6)?
1
Let q be 0/1*(4 + -3). Let i(f) = f. Let o be i(1). Suppose -3*j - 2*n - o = -12, -5*n + 5 = q. What is the units digit of j?
3
Let m(y) = 2*y - 6. Let x = 10 - 6. What is the units digit of m(x)?
2
Let z = -5 + 8. Suppose -2*i - 3*h + 18 = 0, z*i + h + 0*h - 13 = 0. What is the units digit of i?
3
Let n(k) = 2*k. Let b be n(-3). What is the units digit of 16/6*b/(-2)?
8
Suppose 7*h - 8*h = -1. Suppose u + h - 27 = 0. What is the units digit of u?
6
Suppose k = -3 + 4. What is the tens digit of (-3 + 7 - -27) + k?
3
Let j = -30 - -37. Let n(g) = 4*g**2 - g**3 + 1 + 3*g**2 + 2*g + 0*g. What is the units digit of n(j)?
5
Let m be 2/(-4) + 105/10. Let n be m - (-3 + (0 - -3)). Suppose -v + 3*v - n = 0. What is the units digit of v?
5
Suppose -v = 4*f - 174, 2*v - 3*v = 3*f - 178. What is the tens digit of v?
9
Let j(u) = -u. Let q(l) = -3*l. Let a(t) = 17*j(t) - 6*q(t). What is the units digit of a(4)?
4
Let g(z) = -3*z**2 - 2*z + 2. Let i(m) = -5*m**2 - 5*m + 5. Let j(b) = -5*g(b) + 2*i(b). What is the tens digit of j(-3)?
4
Let c(r) = -2*r**2 + 3*r**2 - 13*r + 4 + 11*r**2 - 2*r**2 + r**3. What is the units digit of c(-11)?
6
Let o(c) = 5*c**2 - 3*c - 5. What is the tens digit of o(-5)?
3
Suppose 4*m - 2*o - 38 = 0, 0*m - 3*m - 2*o + 46 = 0. What is the tens digit of m?
1
Suppose -3*f = -2*n - 17, 5*n - 25 = -3*f + 3*n. Let b = 11 - f. Suppose 3*h - s = b*s + 18, 3*h - 18 = s. What is the units digit of h?
6
Let p = -6 - -7. Let w = 10 + p. What is the units digit of w?
1
Suppose -5*k + 69 = -256. What is the tens digit of k?
6
Let z(a) = 5*a**2 - 15*a + 11. What is the tens digit of z(6)?
0
Let d(i) = 2*i**2 - i - 2. Let z be d(2). Suppose z*x - 4*a = -24, -2*x - 14 = -4*a + 4. Let v(h) = h + 5. What is the units digit of v(x)?
2
Let p(v) = v + 5. Let u be p(0). Suppose 5*t = -5*a + 135, -3*a - 5*t - 33 = -u*a. What is the units digit of a?
4
Let h = 144 - 29. What is the hundreds digit of h?
1
Suppose 5*v - 16 = 9. Suppose -4*x + 4*b + 120 = -20, -v*b = -3*x + 109. What is the tens digit of x?
3
Let o(m) be the first derivative of 3 - 1/2*m**2 + 14*m. What is the units digit of o(12)?
2
Suppose -3*i + 2 - 30 = -2*h, i = h - 11. Suppose 3*b = -2*u - 6 + 2, -3*u - 1 = 2*b. Let l = b - i. What is the units digit of l?
4
Let u(c) = -c + 9. Let h be u(7). Let f = h - 0. Suppose 18 - f = 2*a. What is the units digit of a?
8
Let k(d) = d - 1. Let m(b) = b + 14. Let j(i) = k(i) + m(i). What is the units di